{"id":1161,"date":"2025-10-27T08:21:20","date_gmt":"2025-10-27T07:21:20","guid":{"rendered":"https:\/\/www.silviagranata.it\/?page_id=1161"},"modified":"2025-10-27T08:21:20","modified_gmt":"2025-10-27T07:21:20","slug":"il-mondo-dellarte-e-un-mondo-abbastanza-solitario-intervista-a-silvia-granata-di-waldemar-kerschbaumer-per-klimt02-barcellona","status":"publish","type":"page","link":"https:\/\/www.silviagranata.it\/en\/il-mondo-dellarte-e-un-mondo-abbastanza-solitario-intervista-a-silvia-granata-di-waldemar-kerschbaumer-per-klimt02-barcellona\/","title":{"rendered":"The art world is quite a lonely world. Interview with Silvia Granata by Waldemar Kerschbaumer for Klimt02 Barcelona."},"content":{"rendered":"<p><strong>What led you to use porcelain as the basic material for your artworks?<\/strong><\/p>\n<p>I choose porcelain as I was looking for a material that would allow the three-dimensionality of my works to emerge without interfering with them. I use porcelain as a painter would use a blank canvas. It is a discreet material that does not stand out over the composition and leaves space to the form.<\/p>\n<p>Ho scelto la porcellana perch\u00e9 cercavo una materia che lasciasse emergere la tridimensionalit\u00e0 dei miei lavori senza interferire con essi. Uso la porcellana come un pittore userebbe una tela bianca. E\u2019 una materia discreta che non emerge sulla composizione e lascia spazio alla forma.&nbsp;<\/p>\n<p><strong>Your art is constantly evolving. Which technique do you currently favour?<\/strong><\/p>\n<p>My works are handmade and are the result of various techniques. The base of these work is often made from a slab. Whether it is a geometric shape, a bowl or a more abstract form, I most often leave a little room for chance: I use the porcelain slab as if it were fabric, helping it to take a shape without guiding it completely. On this base I then create my compositions made of coils cut into many tiny elements.<\/p>\n<p>Tutti i miei pezzi sono realizzati a mano e sono il frutto di varie tecniche. La base dei miei lavori \u00e8 spesso realizzata a lastra. Sia che si tratti di forme geometriche sia che si tratti di ciotole o forme pi\u00f9 astratte. Quasi sempre lascio un piccolo spazio alla casualit\u00e0: uso la lastra di porcellana come se fosse un tessuto, aiutandola a prendere una forma senza guidarla completamente. Su questa base realizzo poi le mie composizioni fatte di colombini tagliati in tanti piccolissimi dischetti.<\/p>\n<p><strong>Which piece are you particularly proud of?<\/strong><\/p>\n<p>The last piece made.<\/p>\n<p><strong>Where does your inspiration come from?<\/strong><\/p>\n<p>My works are always very personal and tell about life and relationships. At the moment I am working on the fading of memories and the fragility deriving from that.<\/p>\n<p>I miei lavori sono sempre molto personali e raccontano di vita e relazioni. In questo momento sto lavorando sullo svanire dei ricordi e sulla fragilit\u00e0 che ne consegue.<\/p>\n<p><strong>How do your clients perceive your work? Do you have in mind who or how it will be used?<\/strong><\/p>\n<p>I am often amazed at how people see my work. I like it when they see exactly what I wanted to tell them, but also when they see something different and feel emotions that are not the same as the ones I wanted to convey. I am happy that they can be interpreted in a completely personal way by those who look at them or choose them.<\/p>\n<p>Spesso mi stupisco di come le persone vedono i miei lavori. Mi piace quando colgono quello che ho voluto raccontare, ma anche quando ci vedono qualcosa di diverso e provano emozioni che non sono le stesse che io volevo trasmettere.&nbsp; Sono felice del fatto che possano essere interpretati in modo del tutto personale da chi li guarda o li sceglie.<\/p>\n<p><strong>How do you feel about having to put a price tag on your creations?<\/strong><\/p>\n<p>It was difficult in the beginning and became easier with time. Experience also teaches how to price a work. I think it was crucial to find the right market to sell my art at a fair price.<\/p>\n<p>E\u2019 stato difficile all\u2019inizio ed \u00e8 diventato pi\u00f9 facile col tempo. L\u2019esperienza insegna anche come stabilire il prezzo di un\u2019opera. Per me \u00e8 stato fondamentale trovare il giusto mercato per vendere la mia arte ad un prezzo equo.<\/p>\n<p><strong>Do you have an underlying concept that you express in articles, books, galleries, museums, etc.? What do you think of contemporary Italian ceramic art?<\/strong><\/p>\n<p>The aim of my works is to represent a community and the relationship between its components: the distance or intimacy between people, the balance between the whole of humanity and the individual, the juxtaposition between the fragility of each entity against the solidity of the whole as in a human society.<\/p>\n<p>This is portrayed through the repetition of a multiplicity of related elements. Thousands of segments are cut from porcelain coils and applied one next to the other in order to represent flows: a structured rhythm made of full and empty spaces, of concave and convex particles, of shades of colors.<\/p>\n<p>Though all the elements look similar to each other, however, they are always different and unique almost amounting to a declaration of individuality.<\/p>\n<p><strong>When does porcelain become art?<\/strong><\/p>\n<p>It is not easy to answer this question, because the line between art and craft is often quite subtle. Perhaps I could say that when porcelain loses its function as an object of use it is moving towards art, although in saying this I do not want to generalise in any way. I believe that art also requires qualities that go beyond craftsmanship such as intentionality and a thought behind it.<\/p>\n<p>Non \u00e8 facile rispondere a questa domanda, perch\u00e9 spesso il confine fra arte e artigianato \u00e8 abbastanza sottile. Forse potrei dire che, quando la porcellana perde la sua funzione di oggetto d\u2019uso si sta spingendo verso l\u2019arte, anche se dicendo questo non voglio assolutamente generalizzare.<\/p>\n<p>Credo che l\u2019arte richieda anche qualit\u00e0 che vadano oltre la maestria nella realizzazione come l\u2019intenzionalit\u00e0 e un pensiero che ne sia il fondamento.<\/p>\n<p><strong>You make part of the artist collective \u201eItaliano Plurale\u201c, what prompted you to be part of it?<\/strong><\/p>\n<p>The art world is quite a lonely world. Being part of a collective is important as it works to create a network of support and sharing experiences.<\/p>\n<p>Il mondo dell\u2019arte \u00e8 un mondo abbastanza solitario. Essere parte di un collettivo \u00e8 importante in quanto funziona per creare contatti e una rete di supporto e condivisione di esperienze.<\/p>\n<p><strong>What is next on your calendar?<\/strong><\/p>\n<p>Since ceramics has become my full-time job, I have found myself getting more and more squeezed into my in-house workspace. After searching for a long time, I finally found a bigger studio that I am renovating, where I will move within a few months and where I can finally work on bigger projects without space limitations.<\/p>\n","protected":false},"excerpt":{"rendered":"<p>What led you to use porcelain as the basic material for your artworks? I choose porcelain as I was looking for a material that would allow the three-dimensionality of my works to emerge without interfering with them. I use porcelain as a painter would use a blank canvas. It is a discreet material that does [&hellip;]<\/p>\n","protected":false},"author":2,"featured_media":0,"parent":0,"menu_order":0,"comment_status":"closed","ping_status":"closed","template":"","meta":{"footnotes":""},"_links":{"self":[{"href":"https:\/\/www.silviagranata.it\/en\/wp-json\/wp\/v2\/pages\/1161"}],"collection":[{"href":"https:\/\/www.silviagranata.it\/en\/wp-json\/wp\/v2\/pages"}],"about":[{"href":"https:\/\/www.silviagranata.it\/en\/wp-json\/wp\/v2\/types\/page"}],"author":[{"embeddable":true,"href":"https:\/\/www.silviagranata.it\/en\/wp-json\/wp\/v2\/users\/2"}],"replies":[{"embeddable":true,"href":"https:\/\/www.silviagranata.it\/en\/wp-json\/wp\/v2\/comments?post=1161"}],"version-history":[{"count":2,"href":"https:\/\/www.silviagranata.it\/en\/wp-json\/wp\/v2\/pages\/1161\/revisions"}],"predecessor-version":[{"id":1163,"href":"https:\/\/www.silviagranata.it\/en\/wp-json\/wp\/v2\/pages\/1161\/revisions\/1163"}],"wp:attachment":[{"href":"https:\/\/www.silviagranata.it\/en\/wp-json\/wp\/v2\/media?parent=1161"}],"curies":[{"name":"wp","href":"https:\/\/api.w.org\/{rel}","templated":true}]}}

<p><strong>What led you to use porcelain as the basic material for your artworks?</strong></p>
<p>I choose porcelain as I was looking for a material that would allow the three-dimensionality of my works to emerge without interfering with them. I use porcelain as a painter would use a blank canvas. It is a discreet material that does not stand out over the composition and leaves space to the form.</p>
<p>Ho scelto la porcellana perché cercavo una materia che lasciasse emergere la tridimensionalità dei miei lavori senza interferire con essi. Uso la porcellana come un pittore userebbe una tela bianca. E’ una materia discreta che non emerge sulla composizione e lascia spazio alla forma.&nbsp;</p>
<p><strong>Your art is constantly evolving. Which technique do you currently favour?</strong></p>
<p>My works are handmade and are the result of various techniques. The base of these work is often made from a slab. Whether it is a geometric shape, a bowl or a more abstract form, I most often leave a little room for chance: I use the porcelain slab as if it were fabric, helping it to take a shape without guiding it completely. On this base I then create my compositions made of coils cut into many tiny elements.</p>
<p>Tutti i miei pezzi sono realizzati a mano e sono il frutto di varie tecniche. La base dei miei lavori è spesso realizzata a lastra. Sia che si tratti di forme geometriche sia che si tratti di ciotole o forme più astratte. Quasi sempre lascio un piccolo spazio alla casualità: uso la lastra di porcellana come se fosse un tessuto, aiutandola a prendere una forma senza guidarla completamente. Su questa base realizzo poi le mie composizioni fatte di colombini tagliati in tanti piccolissimi dischetti.</p>
<p><strong>Which piece are you particularly proud of?</strong></p>
<p>The last piece made.</p>
<p><strong>Where does your inspiration come from?</strong></p>
<p>My works are always very personal and tell about life and relationships. At the moment I am working on the fading of memories and the fragility deriving from that.</p>
<p>I miei lavori sono sempre molto personali e raccontano di vita e relazioni. In questo momento sto lavorando sullo svanire dei ricordi e sulla fragilità che ne consegue.</p>
<p><strong>How do your clients perceive your work? Do you have in mind who or how it will be used?</strong></p>
<p>I am often amazed at how people see my work. I like it when they see exactly what I wanted to tell them, but also when they see something different and feel emotions that are not the same as the ones I wanted to convey. I am happy that they can be interpreted in a completely personal way by those who look at them or choose them.</p>
<p>Spesso mi stupisco di come le persone vedono i miei lavori. Mi piace quando colgono quello che ho voluto raccontare, ma anche quando ci vedono qualcosa di diverso e provano emozioni che non sono le stesse che io volevo trasmettere.&nbsp; Sono felice del fatto che possano essere interpretati in modo del tutto personale da chi li guarda o li sceglie.</p>
<p><strong>How do you feel about having to put a price tag on your creations?</strong></p>
<p>It was difficult in the beginning and became easier with time. Experience also teaches how to price a work. I think it was crucial to find the right market to sell my art at a fair price.</p>
<p>E’ stato difficile all’inizio ed è diventato più facile col tempo. L’esperienza insegna anche come stabilire il prezzo di un’opera. Per me è stato fondamentale trovare il giusto mercato per vendere la mia arte ad un prezzo equo.</p>
<p><strong>Do you have an underlying concept that you express in articles, books, galleries, museums, etc.? What do you think of contemporary Italian ceramic art?</strong></p>
<p>The aim of my works is to represent a community and the relationship between its components: the distance or intimacy between people, the balance between the whole of humanity and the individual, the juxtaposition between the fragility of each entity against the solidity of the whole as in a human society.</p>
<p>This is portrayed through the repetition of a multiplicity of related elements. Thousands of segments are cut from porcelain coils and applied one next to the other in order to represent flows: a structured rhythm made of full and empty spaces, of concave and convex particles, of shades of colors.</p>
<p>Though all the elements look similar to each other, however, they are always different and unique almost amounting to a declaration of individuality.</p>
<p><strong>When does porcelain become art?</strong></p>
<p>It is not easy to answer this question, because the line between art and craft is often quite subtle. Perhaps I could say that when porcelain loses its function as an object of use it is moving towards art, although in saying this I do not want to generalise in any way. I believe that art also requires qualities that go beyond craftsmanship such as intentionality and a thought behind it.</p>
<p>Non è facile rispondere a questa domanda, perché spesso il confine fra arte e artigianato è abbastanza sottile. Forse potrei dire che, quando la porcellana perde la sua funzione di oggetto d’uso si sta spingendo verso l’arte, anche se dicendo questo non voglio assolutamente generalizzare.</p>
<p>Credo che l’arte richieda anche qualità che vadano oltre la maestria nella realizzazione come l’intenzionalità e un pensiero che ne sia il fondamento.</p>
<p><strong>You make part of the artist collective „Italiano Plurale“, what prompted you to be part of it?</strong></p>
<p>The art world is quite a lonely world. Being part of a collective is important as it works to create a network of support and sharing experiences.</p>
<p>Il mondo dell’arte è un mondo abbastanza solitario. Essere parte di un collettivo è importante in quanto funziona per creare contatti e una rete di supporto e condivisione di esperienze.</p>
<p><strong>What is next on your calendar?</strong></p>
<p>Since ceramics has become my full-time job, I have found myself getting more and more squeezed into my in-house workspace. After searching for a long time, I finally found a bigger studio that I am renovating, where I will move within a few months and where I can finally work on bigger projects without space limitations.</p>
